 common divisor of j and g?
12
Let r(x) = 2*x**2 + 10*x + 28. Let a be r(-5). What is the greatest common factor of a and 16?
4
Let t be (-5 + 136/(-4))*-1. What is the greatest common divisor of 312 and t?
39
Let p(z) = -19*z + 1. Let s be p(-1). Suppose -3*j + s + 7 = 0. What is the greatest common divisor of j and 9?
9
Let z(l) = l**3 - 3*l**2 - l. Let i be z(4). Let n be (1*i)/(4/10). What is the highest common factor of n and 12?
6
Suppose 3*w + 7 = 70. Suppose 2*j + 4*t = t + 2, -3*t - 5 = j. Let z(n) = 2*n - 11. Let p be z(j). What is the highest common divisor of p and w?
3
Suppose 3*u - 4 = -2*b, 3 = 5*b - 2*u - 45. What is the greatest common divisor of 88 and b?
8
Suppose -27 = -3*n + 5*g, 2*n = -2*n - g + 13. Suppose n*a = -35 - 33. Let z = 34 + a. Calculate the highest common factor of 68 and z.
17
Let q(g) = 9*g**2 + g - 7. Let p be q(3). Calculate the highest common divisor of 11 and p.
11
Let n(b) = -b**2 + 6*b - 2. Let p be n(6). Let d be 1/(p/(-144)*4). Calculate the highest common factor of 9 and d.
9
Let m(k) = 2*k**3 + 8*k**2 + 5*k - 7. Let n be m(-5). Let y = n - -152. Suppose -y = -0*w - 5*w. Calculate the highest common factor of 2 and w.
2
Let z = 27 + -15. Let d(c) = -c**3 + 6*c**2 + 3*c + 6. Let y be d(6). Calculate the highest common factor of z and y.
12
Let o(i) = -i + 9. Let y be o(5). Suppose y*t = 8*t + 2*u - 376, -5*t = 4*u - 476. Calculate the greatest common divisor of t and 23.
23
Let g = -96 + 120. Calculate the greatest common factor of g and 8.
8
Let x(d) = d**3 + 21*d**2 + 16*d - 23. Let c be x(-20). What is the greatest common factor of 19 and c?
19
Let y = 12 - 9. Let d(b) = 5*b**2 - b - 2. Let f be d(y). What is the highest common factor of 5 and f?
5
Let g(t) = t**3 - 8*t**2 + 5*t + 4. Let h be g(8). Calculate the highest common divisor of 11 and h.
11
Suppose f - 4 = -3. Calculate the greatest common divisor of 5 and f.
1
Let u be 3/5 + (-107)/(-5). Calculate the greatest common factor of 33 and u.
11
Suppose 0*j + 50 = 2*j. Calculate the highest common factor of j and 125.
25
Let k = 17 + -10. Calculate the greatest common divisor of 35 and k.
7
Suppose 6*p = 3*p + 33. What is the highest common factor of 11 and p?
11
Let s be (12/9)/(4/414). Suppose -2*o = k - 91, -3*k = 3*o - k - s. What is the highest common factor of 11 and o?
11
Let c(w) = -w - 6. Let m be c(-12). Calculate the highest common factor of 54 and m.
6
Suppose -120 = 10*j - 13*j. Calculate the highest common divisor of 60 and j.
20
Let j(b) = 3 - 4*b + 0*b + 3*b. Let w be j(-6). Calculate the greatest common factor of 1 and w.
1
Let o = 35 - -133. Calculate the greatest common divisor of o and 28.
28
Let x(s) = -2*s + 27. Let u be x(5). Calculate the highest common divisor of u and 187.
17
Let w = 37 - -59. Let p be ((-2 - 1) + 2)*-12. Calculate the highest common factor of p and w.
12
Let w be ((-4)/5)/((-1)/(-5)). Let x be w/((-4)/(-11)) - -2. Let c = x - -19. Calculate the greatest common factor of c and 5.
5
Suppose 5*d + x - 20 - 9 = 0, -d + 11 = -5*x. What is the greatest common divisor of 6 and d?
6
Suppose 17 = -2*k - 19. Let g = 35 + k. Calculate the greatest common factor of g and 68.
17
Suppose -3*z = 11 + 4. Let q = z - -6. Let b = q - -5. What is the greatest common divisor of 18 and b?
6
Let w = 30 + -20. What is the greatest common factor of 25 and w?
5
Let c be (-3)/1*(-1 - -19). Let h be (-101)/9 - 12/c. Let a be (0 - -1)/((-1)/h). Calculate the highest common factor of a and 11.
11
Let r = 6 - -1. Let b = r + 2. Let o = 165 - 84. Calculate the highest common divisor of o and b.
9
Suppose -24 = m - 4*m. Suppose -m = -4*x + 76. Calculate the highest common divisor of 3 and x.
3
Suppose -10*q = -14 - 106. Let g = 97 + -44. Let w = 89 - g. What is the highest common factor of w and q?
12
Suppose 2*d - 68 - 2 = 0. Calculate the highest common factor of 140 and d.
35
Let a = 16 - 10. Let y(t) = a*t + 1 - 74*t - 34*t + 7*t. Let f be y(-1). What is the highest common factor of 12 and f?
12
Let w be (-4)/(-1 - 1) + 19. What is the highest common divisor of 84 and w?
21
Let s(j) = -j**3 - 8*j**2 - 7*j + 2. Let n be s(-7). Suppose -5*x + 13 = p + n*p, -2*x = -5*p - 30. Calculate the greatest common divisor of x and 2.
1
Let i = 40 - 0. Let v be (45/(-20))/((-3)/i). What is the greatest common factor of 10 and v?
10
Suppose r + 0*d - d - 30 = 0, -3*r + 2*d = -90. Suppose 0 = 4*x + x - 55. Suppose -u = -1 - x. What is the highest common divisor of r and u?
6
Suppose 3*j + 4*b - 618 = 0, -4*j - 4*b + 834 = -2*b. Calculate the highest common factor of 15 and j.
15
Let d = 1 + -8. Let r(y) = y**2 + 7*y + 3. Let v be r(d). Suppose v*f + b - 18 = -1, 4*f = b + 18. Calculate the greatest common divisor of f and 35.
5
Let w = -34 - -40. Calculate the highest common factor of 3 and w.
3
Let k = 2 - 5. Let r be k/((-9)/6) - -14. Let i be 26 + (3/1 - 5). What is the highest common factor of r and i?
8
Suppose 0 = 2*v - 3*j - j + 90, 0 = 4*v - 4*j + 160. Let z = v - -57. Suppose 32 = 3*r - z. Calculate the highest common divisor of r and 90.
18
Let o be 25 - 25 - (0/1 + -42). Let u = 2 + 26. Calculate the greatest common factor of o and u.
14
Suppose 0 = 2*w - 2*r - 18, -5*w - 4*r + 14 = -22. Calculate the greatest common factor of 32 and w.
8
Let h(z) = -2*z + z + 6 - 1. Let o be h(-4). Suppose 3*f + o = 3*b + 66, 0 = 4*b - 20. What is the greatest common factor of 6 and f?
6
Let c = 59 - 35. What is the highest common divisor of c and 60?
12
Let b(w) = w**3 + 5*w**2 - 4*w - 4. Let t be b(-7). Let a = 7 - t. Calculate the highest common factor of a and 9.
9
Let d(l) = -l**3 - 11*l**2 - 7*l + 4. Let p be d(-11). What is the greatest common divisor of 9 and p?
9
Let y be 3 + 4 + 12 - -2. Calculate the greatest common divisor of 231 and y.
21
Suppose -m + 15 = 2*m. What is the greatest common divisor of 40 and m?
5
Suppose 3 - 5 = -i. Let q = 31 + i. Calculate the greatest common divisor of q and 22.
11
Let b(f) = -f**2 - 13*f + 4. Let o(q) = q - 1. Let n(a) = b(a) + 6*o(a). Let d be n(-6). What is the highest common divisor of 4 and d?
4
Suppose 6 = 5*y + 1. Let k = 13 + -11. Calculate the greatest common divisor of k and y.
1
Let f(q) = -3*q + 30. Let u be f(-10). What is the greatest common divisor of 12 and u?
12
Let t(q) = 3*q**2 - q - 5. Let k be t(-5). Suppose 6 = -3*a - 24. Let r be (a/(-6))/((-1)/(-9)). Calculate the greatest common divisor of r and k.
15
Suppose 4*x + 3*i = 3 + 3, -4*i - 14 = -2*x. Suppose x*c - 4*q - 284 = -2*c, 2*q + 112 = 2*c. Calculate the highest common divisor of c and 15.
15
Let x be 0 + (-6)/2 + 22. Suppose -2*j + 13 + x = 0. Calculate the greatest common divisor of 8 and j.
8
Suppose -w + 5*d = 10*d - 10, w - 10 = 5*d. Calculate the greatest common factor of w and 90.
10
Suppose 0*z = 7*z - 63. Calculate the greatest common factor of 3 and z.
3
Suppose 34 = 3*f - 107. Let d = f + 42. Suppose 4*r = 2*r - p + 46, -d = -5*r + 4*p. What is the greatest common divisor of 14 and r?
7
Let m(d) = d**3 - 7*d**2 - 2*d + 5. Let t be m(7). Let c = t + 17. What is the highest common divisor of 64 and c?
8
Let i = 0 + 4. Suppose 98 = -l + 6*l - i*s, 0 = -2*l + 4*s + 44. What is the highest common divisor of 90 and l?
18
Suppose -6*y + 451 = 1. Let v(n) = -n**3 - n**2 - 4*n. Let r be v(-3). What is the highest common divisor of y and r?
15
Let w = -11 + 24. Suppose -2 = c - 5*s - 13, -c + 41 = 5*s. What is the greatest common divisor of c and w?
13
Let o = -16 + 23. Let h(t) = -t**3 + 9*t**2 + 4. Let m be h(9). Suppose 9 = m*w - 19. Calculate the highest common factor of w and o.
7
Let g(x) be the second derivative of -x**3/6 + 143*x**2/2 - 2*x. Let s be g(0). Suppose 2*t - 65 = -3*t. What is the highest common factor of t and s?
13
Let r(q) = -6*q + 1. Let b be r(-1). What is the greatest common divisor of 56 and b?
7
Let z be 4*(0 + (-15)/12). Let a be 872/20 + (-2)/z. What is the highest common factor of a and 4?
4
Let a(l) = l**2 + 4*l + 3. Suppose 4*y + 35 = 7*p - 2*p, -2*y = 3*p + 1. Let o be a(y). Calculate the highest common divisor of o and 4.
4
Suppose g - 3*s + 6 = 0, g - 2*s + 5 - 1 = 0. Suppose g*v = 3*v - 3. Suppose 0 = -o - o + 2. What is the greatest common factor of v and o?
1
Suppose g = 5*t - 3